{"id":3890,"date":"2018-05-27T10:15:55","date_gmt":"2018-05-27T10:15:55","guid":{"rendered":"http:\/\/mpz-hamburg.de.w020b5ec.kasserver.com\/?page_id=3890"},"modified":"2018-07-01T09:01:44","modified_gmt":"2018-07-01T09:01:44","slug":"vorsicht-lebensgefahr-alle-gewalt-geht-vom-staat-aus","status":"publish","type":"page","link":"http:\/\/mpz-hamburg.de\/neu\/bestellen\/vorsicht-lebensgefahr-alle-gewalt-geht-vom-staat-aus\/","title":{"rendered":"Vorsicht Lebensgefahr ! Alle Gewalt geht vom Staat aus"},"content":{"rendered":"<p>Brokdorf &#8211; Kleve &#8211; Hamburger Kessel \u00a01986<\/p>\n<p><a href=\"http:\/\/mpz-hamburg.de.w020b5ec.kasserver.com\/bestellen\/#1986VorsichtLebensgefahr\">zur\u00fcck<\/a> &#8211; <a href=\"#formular\">zum Bestellformular<\/a> &#8211; <a href=\"http:\/\/mpz-hamburg.de.w020b5ec.kasserver.com\/neu\/wp-content\/uploads\/2011\/05\/2017-Vertriebsbedingungen.pdf\">Vertriebsbedingungen<\/a><br \/>\n<a href=\"http:\/\/mpz-hamburg.de.w020b5ec.kasserver.com\/neu\/wp-content\/uploads\/2018\/06\/00-0207-Vorsicht-Lebensgefahr-01163024-Arbeitskopie-3.jpg\"><img loading=\"lazy\" decoding=\"async\" class=\"alignright wp-image-3910\" src=\"http:\/\/mpz-hamburg.de.w020b5ec.kasserver.com\/neu\/wp-content\/uploads\/2018\/06\/00-0207-Vorsicht-Lebensgefahr-01163024-Arbeitskopie-3-300x225.jpg\" alt=\"\" width=\"332\" height=\"249\" srcset=\"http:\/\/mpz-hamburg.de\/neu\/wp-content\/uploads\/2018\/06\/00-0207-Vorsicht-Lebensgefahr-01163024-Arbeitskopie-3-300x225.jpg 300w, http:\/\/mpz-hamburg.de\/neu\/wp-content\/uploads\/2018\/06\/00-0207-Vorsicht-Lebensgefahr-01163024-Arbeitskopie-3.jpg 640w\" sizes=\"auto, (max-width: 332px) 100vw, 332px\" \/><\/a>mpz (mit Filmaufnahmen auch anderer Hamburger Mediengruppen: Thede, Motte, &#8230;und einem Klever B\u00fcrger) 1986 \/ 40 min \/ 4:3 \/ Nr. 00-017 \/ 16 \u20ac<\/p>\n<p>Am 26. April 1986 explodiert ein Reaktor im Atomkraftwerk Tschernobyl. Eine radioaktive Wolke zieht auch \u00fcber die Bundesrepublik. Lebensmittel wie Blattgem\u00fcse, Salat, Milch werden radioaktiv belastet. Die Bundesregierung wird jedoch nicht m\u00fcde, zu vermelden, man habe alles im Griff und Gesundheitsgef\u00e4hrdungen l\u00e4gen nicht vor.<\/p>\n<p>Am 7. Juni 1986 macht sich von Hamburg aus ein gro\u00dfer Konvoi aus PKWs und Bussen auf den Weg um am Atomkraftwerk Brokdorf gegen die Atompolitik zu demonstrieren. Selbst die gerade erlebte Atomkastastophe h\u00e4lt die Polizei nicht davon ab, die Proteste brutal zu unterdr\u00fccken. In Kleve wird der Hamburger Konvoi gestoppt und von der Polizei angegriffen. Dokumentaraufnahmen eines Klever B\u00fcrgers zeigen, wie die Polizei Autoscheiben zerschl\u00e4gt, Reifen zersticht, Autos gehen in Flammen auf.<br \/>\n<a href=\"https:\/\/www.nadir.org\/nadir\/initiativ\/sanis\/archiv\/brokdorf\/kap_05.htm\">Berichte von Betroffenen<\/a><\/p>\n<p>Diejenigen, die Brokdorf erreichen, m\u00fcssen einzeln massive Stra\u00dfensperren passieren. Sie m\u00fcssen zu Fu\u00df durch Sandcontainer und ein Bundesgrenzschutzspalier hindurchgehen. Nachdem die Polizei CS-Gas eingesetzt hat, fl\u00fcchten\u00a0\u00a0die Menschen \u00fcber die Felder. Die Polizei verfolgt die Fl\u00fcchtenden mit Hubschraubern und setzt Sto\u00dftrupps ab.<\/p>\n<p>Einen Tag sp\u00e4ter versammeln sich auf dem Heiliggeistfeld mehrere Hundert Menschen um spontan gegen die Polizeigewalt zu demonstrieren. Die Polizei kesselt die DemonstrantInnen am Sammelplatz ein. Stundenlang m\u00fcssen sie auf dem Platz bleiben, ohne jede Versorgung, ohne die M\u00f6glichkeit eine Toilette aufzusuchen: \u201aHamburger Kessel\u2019<br \/>\nDas ganze Viertel wird systematisch abgesperrt und gegen die Menschen, sie spontan ihre Solidarit\u00e4t zeigen, vorgegangen. Erst am sp\u00e4ten Nachmittag werden die DemonstrantInnen abtransportiert.<\/p>\n<p>Vier Tage sp\u00e4ter, am 12. Juni 1986 demonstrieren \u00fcber 50.000 Menschen in Hamburg gegen die Polizeigewalt und gegen die Atompolitik.<\/p>\n<p>&nbsp;<\/p>\n\n<div class=\"wpcf7 no-js\" id=\"wpcf7-f1621-o1\" lang=\"de-DE\" dir=\"ltr\" data-wpcf7-id=\"1621\">\n<div class=\"screen-reader-response\"><p role=\"status\" aria-live=\"polite\" aria-atomic=\"true\"><\/p> <ul><\/ul><\/div>\n<form action=\"\/neu\/wp-json\/wp\/v2\/pages\/3890#wpcf7-f1621-o1\" method=\"post\" class=\"wpcf7-form init\" aria-label=\"Kontaktformular\" novalidate=\"novalidate\" data-status=\"init\">\n<fieldset class=\"hidden-fields-container\"><input type=\"hidden\" name=\"_wpcf7\" value=\"1621\" \/><input type=\"hidden\" name=\"_wpcf7_version\" value=\"6.1.5\" \/><input type=\"hidden\" name=\"_wpcf7_locale\" value=\"de_DE\" \/><input type=\"hidden\" name=\"_wpcf7_unit_tag\" value=\"wpcf7-f1621-o1\" \/><input type=\"hidden\" name=\"_wpcf7_container_post\" value=\"0\" \/><input type=\"hidden\" name=\"_wpcf7_posted_data_hash\" value=\"\" \/><input type=\"hidden\" name=\"_wpcf7dtx_version\" value=\"5.0.5\" \/>\n<\/fieldset>\n<p><span id='formular'><strong>Bestellformuar<\/strong><\/span>\n<\/p>\n<div style='margin-top:-15px; margin-bottom:-10px; text-align:right;'>\n\t<p><a href=\"#wrapper\">Zum Seitenanfang<\/a>\n\t<\/p>\n<\/div>\n<div style='margin-bottom:-10px;'>\n\t<p>Ihr Name (Pflichtfeld)\n\t<\/p>\n\t<p><span class=\"wpcf7-form-control-wrap\" data-name=\"your-name\"><input size=\"40\" maxlength=\"400\" class=\"wpcf7-form-control wpcf7-text wpcf7-validates-as-required\" aria-required=\"true\" aria-invalid=\"false\" value=\"\" type=\"text\" name=\"your-name\" \/><\/span>\n\t<\/p>\n<\/div>\n<div style='margin-bottom:-10px'>\n\t<p>Ihre E-Mail-Adresse (Pflichtfeld)\n\t<\/p>\n\t<p><span class=\"wpcf7-form-control-wrap\" data-name=\"your-email\"><input size=\"40\" maxlength=\"400\" class=\"wpcf7-form-control wpcf7-email wpcf7-validates-as-required wpcf7-text wpcf7-validates-as-email\" aria-required=\"true\" aria-invalid=\"false\" value=\"\" type=\"email\" name=\"your-email\" \/><\/span>\n\t<\/p>\n<\/div>\n<div style='margin-bottom:-10px'>\n\t<p>Stra\u00dfe \/ Hausnummer (Pflichtfeld)\n\t<\/p>\n\t<p><span class=\"wpcf7-form-control-wrap\" data-name=\"strasse\"><input size=\"40\" maxlength=\"400\" class=\"wpcf7-form-control wpcf7-text wpcf7-validates-as-required\" aria-required=\"true\" aria-invalid=\"false\" value=\"\" type=\"text\" name=\"strasse\" \/><\/span>\n\t<\/p>\n<\/div>\n<div style='margin-bottom:-10px'>\n\t<p>PLZ \/ Ort (Pflichtfeld)\n\t<\/p>\n\t<p><span class=\"wpcf7-form-control-wrap\" data-name=\"ort\"><input size=\"40\" maxlength=\"400\" class=\"wpcf7-form-control wpcf7-text wpcf7-validates-as-required\" aria-required=\"true\" aria-invalid=\"false\" value=\"\" type=\"text\" name=\"ort\" \/><\/span>\n\t<\/p>\n<\/div>\n<div style='margin-bottom:-10px'>\n\t<p>Betreff\n\t<\/p>\n\t<p><span id=\"wpcf7-69e5cc06531dc-wrapper\" class=\"wpcf7-form-control-wrap subject-wrap\" style=\"display:none !important; visibility:hidden !important;\"><input type=\"hidden\" name=\"subject-time-start\" value=\"1776667654\"><input type=\"hidden\" name=\"subject-time-check\" value=\"4\"><label for=\"wpcf7-69e5cc06531dc-field\" class=\"hp-message\">Bitte lasse dieses Feld leer.<\/label><input id=\"wpcf7-69e5cc06531dc-field\"  class=\"wpcf7-form-control wpcf7-text\" type=\"text\" name=\"subject\" value=\"\" size=\"40\" tabindex=\"-1\" autocomplete=\"new-password\" \/><\/span>\n\t<\/p>\n<\/div>\n<div style='margin-bottom:-10px'>\n\t<p>Diesen Film m\u00f6chte ich bestellen:\n\t<\/p>\n\t<p><span class=\"wpcf7-form-control-wrap Titel2\" data-name=\"Titel2\"><input type=\"text\" name=\"Titel2\" class=\"wpcf7-form-control wpcf7-text wpcf7dtx wpcf7dtx-text\" aria-invalid=\"false\" value=\"Vorsicht Lebensgefahr ! Alle Gewalt geht vom Staat aus\"><\/span>\n\t<\/p>\n<\/div>\n<div style='margin-bottom:10px'>\n\t<p>Bemerkung\n\t<\/p>\n\t<p><span class=\"wpcf7-form-control-wrap\" data-name=\"your-message\"><textarea cols=\"80\" rows=\"4\" maxlength=\"2000\" class=\"wpcf7-form-control wpcf7-textarea\" aria-invalid=\"false\" name=\"your-message\"><\/textarea><\/span>\n\t<\/p>\n<\/div>\n<div>\n\t<div style='margin-bottom:-14px; color:red;'>\n\t\t<p><span class=\"wpcf7-form-control-wrap\" data-name=\"acceptance-934\"><span class=\"wpcf7-form-control wpcf7-acceptance\"><span class=\"wpcf7-list-item\"><input type=\"checkbox\" name=\"acceptance-934\" value=\"1\" aria-invalid=\"false\" \/><\/span><\/span><\/span><a href=\"http:\/\/mpz-hamburg.de.w020b5ec.kasserver.com\/neu\/wp-content\/uploads\/2011\/05\/Vertriebsbedingungen.pdf\">Vertriebsbedingungen<\/a> akzeptieren.\n\t\t<\/p>\n\t<\/div>\n\t<p><em><span style='font-weight:bold;'>(NUR dann kann das Formular versendet werden!)<\/span><\/em>\n\t<\/p>\n<\/div>\n<div style='margin-top:0px;'>\n\t<p><input class=\"wpcf7-form-control wpcf7-submit has-spinner\" type=\"submit\" value=\"Senden\" \/>\n\t<\/p>\n<\/div><div class=\"wpcf7-response-output\" aria-hidden=\"true\"><\/div>\n<\/form>\n<\/div>\n\n<p>Sollte die Bestellung \u00fcber dies Formular nicht funktioniert haben, bitte per Mail bestellen: <a href=\"mailto:info@mpz-hamburg.de\">info@mpz-hamburg.de.<\/a> Es tut uns Leid, aber es kommt leider manchmal vor. Wir versuchen den Fehler zu finden.<\/p>\n<p style=\"text-align: right; margin-top: -25px;\"><a href=\"http:\/\/mpz-hamburg.de.w020b5ec.kasserver.com\/bestellen\/#1986VorsichtLebensgefahr\">zur\u00fcck zur Seite &#8218;bestellen&#8216;<\/a> &#8211; <a href=\"#wrapper\">Zum Seitenanfang<\/a><\/p>\n<p style=\"margin-top: -25px; text-align: left;\">\n","protected":false},"excerpt":{"rendered":"<p>Brokdorf &#8211; Kleve &#8211; Hamburger Kessel \u00a01986 zur\u00fcck &#8211; zum Bestellformular &#8211; Vertriebsbedingungen mpz (mit Filmaufnahmen auch anderer Hamburger Mediengruppen: Thede, Motte, &#8230;und einem Klever B\u00fcrger) 1986 \/ 40 min \/ 4:3 \/ Nr. 00-017 \/ 16 \u20ac Am 26. &hellip; <a href=\"http:\/\/mpz-hamburg.de\/neu\/bestellen\/vorsicht-lebensgefahr-alle-gewalt-geht-vom-staat-aus\/\">Weiterlesen <span class=\"meta-nav\">&rarr;<\/span><\/a><\/p>\n","protected":false},"author":1,"featured_media":0,"parent":706,"menu_order":0,"comment_status":"closed","ping_status":"closed","template":"onecolumn-page.php","meta":{"footnotes":""},"class_list":["post-3890","page","type-page","status-publish","hentry"],"_links":{"self":[{"href":"http:\/\/mpz-hamburg.de\/neu\/wp-json\/wp\/v2\/pages\/3890","targetHints":{"allow":["GET"]}}],"collection":[{"href":"http:\/\/mpz-hamburg.de\/neu\/wp-json\/wp\/v2\/pages"}],"about":[{"href":"http:\/\/mpz-hamburg.de\/neu\/wp-json\/wp\/v2\/types\/page"}],"author":[{"embeddable":true,"href":"http:\/\/mpz-hamburg.de\/neu\/wp-json\/wp\/v2\/users\/1"}],"replies":[{"embeddable":true,"href":"http:\/\/mpz-hamburg.de\/neu\/wp-json\/wp\/v2\/comments?post=3890"}],"version-history":[{"count":7,"href":"http:\/\/mpz-hamburg.de\/neu\/wp-json\/wp\/v2\/pages\/3890\/revisions"}],"predecessor-version":[{"id":3947,"href":"http:\/\/mpz-hamburg.de\/neu\/wp-json\/wp\/v2\/pages\/3890\/revisions\/3947"}],"up":[{"embeddable":true,"href":"http:\/\/mpz-hamburg.de\/neu\/wp-json\/wp\/v2\/pages\/706"}],"wp:attachment":[{"href":"http:\/\/mpz-hamburg.de\/neu\/wp-json\/wp\/v2\/media?parent=3890"}],"curies":[{"name":"wp","href":"https:\/\/api.w.org\/{rel}","templated":true}]}}