{"id":170,"date":"2011-02-04T14:51:27","date_gmt":"2011-02-04T14:51:27","guid":{"rendered":"http:\/\/mpz-hamburg.de.w020b5ec.kasserver.com\/neu\/?page_id=170"},"modified":"2026-02-26T15:22:06","modified_gmt":"2026-02-26T14:22:06","slug":"faschismus-antifaschismus","status":"publish","type":"page","link":"https:\/\/mpz-hamburg.de\/neu\/mpz-filme\/faschismus-antifaschismus\/","title":{"rendered":"faschismus \/     antifaschismus"},"content":{"rendered":"<div class=\"wp-block-image\">\n<figure class=\"alignright\"><img loading=\"lazy\" decoding=\"async\" width=\"300\" height=\"200\" src=\"http:\/\/mpz-hamburg.de.w020b5ec.kasserver.com\/neu\/wp-content\/uploads\/2011\/02\/mpz_archiv_antifaschismus.jpg\" alt=\"\" class=\"wp-image-882\" title=\"mpz Archiv:Bereich Antifaschismus\"\/><\/figure><\/div>\n\n\n<p><p>Im <strong>Archivbereich &#8222;Faschismus\/Antifaschismus&#8220;<\/strong> befinden sich Videos zur Geschichte des Nationalsozialismus, des Faschismus in anderen L\u00e4ndern und Rechtsradikalismus, sowie des antifaschististischen Widerstandes, zu den Themen Nationalismus, Rassismus, Flucht\/Migration. Aus diesem ca. 850 Titel umfassenden Archivbereich sind nachfolgend &#8211; in chronologischer Reihenfolge &#8211; die Eigen- und Koproduktionen des mpz aufgelistet<strong>. <\/strong>Mehr Informationen zu Produktion, Form und Geschichte der Filme sowie zu Verleih- und Verwendungsm\u00f6glichkeiten gerne auf konkrete Anfrage<strong>:<\/strong><\/p><br><p><strong>Auf der Stra\u00dfe hei\u00dfen wir anders<\/strong> &#8211; Auf den Spuren einer armenischen Familie<br>Videoaufzeichnung einer szenischen Lesung im Deutschen Schauspielhaus Hamburg, mpz 2025 \/ 73min \/<\/p><\/p>\n\n\n\n<div class=\"wp-block-media-text is-stacked-on-mobile\" style=\"grid-template-columns:34% auto\"><figure class=\"wp-block-media-text__media\"><img loading=\"lazy\" decoding=\"async\" width=\"785\" height=\"1024\" src=\"http:\/\/mpz-hamburg.de\/neu\/wp-content\/uploads\/2022\/01\/H.-Hu\u0308bener-785x1024.jpg\" alt=\"\" class=\"wp-image-4780 size-full\" srcset=\"https:\/\/mpz-hamburg.de\/neu\/wp-content\/uploads\/2022\/01\/H.-Hu\u0308bener-785x1024.jpg 785w, https:\/\/mpz-hamburg.de\/neu\/wp-content\/uploads\/2022\/01\/H.-Hu\u0308bener-230x300.jpg 230w, https:\/\/mpz-hamburg.de\/neu\/wp-content\/uploads\/2022\/01\/H.-Hu\u0308bener-768x1002.jpg 768w, https:\/\/mpz-hamburg.de\/neu\/wp-content\/uploads\/2022\/01\/H.-Hu\u0308bener-1177x1536.jpg 1177w, https:\/\/mpz-hamburg.de\/neu\/wp-content\/uploads\/2022\/01\/H.-Hu\u0308bener-1570x2048.jpg 1570w, https:\/\/mpz-hamburg.de\/neu\/wp-content\/uploads\/2022\/01\/H.-Hu\u0308bener-scaled.jpg 1962w\" sizes=\"auto, (max-width: 785px) 100vw, 785px\" \/><\/figure><div class=\"wp-block-media-text__content\">\n<p><p><strong><br>Vier gegen Hitler &#8211; Auf den Spuren der Helmuth-H\u00fcbener-Gruppe<\/strong><br>J\u00fcrgen Kinter, Gerhard Brockmann, mpz + VVN-BdA Hamburg, unterst\u00fctzt von verschiedenen Kultureinrichtungen, Geschichtswerkst\u00e4tten, Schulen und Einzelpersonen \/ Hamburg 2021 \/ 90 min. \/<a href=\"http:\/\/mpz-hamburg.de.w020b5ec.kasserver.com\/bestellen\/vier-gegen-hitler-auf-den-spuren-der-helmuth-huebener-gruppe\/\"> mehr &#8230;<\/a> \/ <a href=\"https:\/\/vimeo.com\/676800722\">Trailer<\/a><\/p><\/p>\n<\/div><\/div>\n\n\n\n<p><\/p>\n\n\n\n<p><p><strong>Erinnerungen an die Jugendgruppe &#8218;Geschwister Scholl&#8216; Hamburg<\/strong><br>J\u00fcrgen Kinter, Gerhard Brockmann, mpz 2020\/21 \/ 45 min<\/p><\/p>\n\n\n\n<div class=\"wp-block-columns alignwide is-layout-flex wp-container-core-columns-is-layout-9d6595d7 wp-block-columns-is-layout-flex\">\n<div class=\"wp-block-column is-layout-flow wp-block-column-is-layout-flow\"><\/div>\n\n\n\n<div class=\"wp-block-column is-layout-flow wp-block-column-is-layout-flow\"><\/div>\n<\/div>\n\n\n\n<div class=\"wp-block-media-text alignwide is-stacked-on-mobile\" style=\"grid-template-columns:34% auto\" id=\"https:\/\/vimeo.com\/573756273\"><figure class=\"wp-block-media-text__media\"><img loading=\"lazy\" decoding=\"async\" width=\"446\" height=\"309\" src=\"http:\/\/mpz-hamburg.de.w020b5ec.kasserver.com\/neu\/wp-content\/uploads\/2021\/07\/EstherBejarano1.05.2016.png\" alt=\"<a href=&quot;https:\/\/vimeo.com\/573756273&quot;&gt;\" class=\"wp-image-4665 size-full\" srcset=\"https:\/\/mpz-hamburg.de\/neu\/wp-content\/uploads\/2021\/07\/EstherBejarano1.05.2016.png 446w, https:\/\/mpz-hamburg.de\/neu\/wp-content\/uploads\/2021\/07\/EstherBejarano1.05.2016-300x208.png 300w\" sizes=\"auto, (max-width: 446px) 100vw, 446px\" \/><\/figure><div class=\"wp-block-media-text__content\">\n<div class=\"wp-block-group\"><div class=\"wp-block-group__inner-container is-layout-flow wp-block-group-is-layout-flow\">\n<p style=\"font-size:12px\"><strong>Esther Bejarano: Sage nie, du gehst den letzten Weg<\/strong><br>Aus dem traurigen Anlass des Todes von Esther Bejarano ein kurzes In-Memoriam-Video, mpz 2021 \/ 3 min \/ <a href=\"https:\/\/vimeo.com\/573756273\">ansehen<\/a><br><br>Esther Bejarano (1924-2021) und die Microphone Mafia singen auf der Maikundgebung des DGB am 1. Mai 2016 in Hamburg das Partisanenlied des j\u00fcdischen Widerstands-k\u00e4mpfers Hirsch Glik. <a href=\"http:\/\/anarchismus.at\/kulturbewegung\/liedtexte\/5982-partisanenlied-sag-nie-zog-nit-keynmol)\">(\u00dcbersetzung: anarchismus.at)<\/a><\/p>\n<\/div><\/div>\n<\/div><\/div>\n\n\n\n<h5 class=\"wp-block-heading\"><strong><a href=\"https:\/\/vimeo.com\/417968043\"><img loading=\"lazy\" decoding=\"async\" class=\"alignleft  wp-image-4562\" src=\"http:\/\/mpz-hamburg.de.w020b5ec.kasserver.com\/neu\/wp-content\/uploads\/2020\/05\/Stadthaus-8.5.2020-300x168.png\" alt=\"\" width=\"221\" height=\"124\" srcset=\"https:\/\/mpz-hamburg.de\/neu\/wp-content\/uploads\/2020\/05\/Stadthaus-8.5.2020-300x168.png 300w, https:\/\/mpz-hamburg.de\/neu\/wp-content\/uploads\/2020\/05\/Stadthaus-8.5.2020-1024x575.png 1024w, https:\/\/mpz-hamburg.de\/neu\/wp-content\/uploads\/2020\/05\/Stadthaus-8.5.2020-768x431.png 768w, https:\/\/mpz-hamburg.de\/neu\/wp-content\/uploads\/2020\/05\/Stadthaus-8.5.2020-1536x862.png 1536w, https:\/\/mpz-hamburg.de\/neu\/wp-content\/uploads\/2020\/05\/Stadthaus-8.5.2020.png 1866w\" sizes=\"auto, (max-width: 221px) 100vw, 221px\" \/><\/a>Aktion der Initiative Gedenkort Stadthaus und der VVN<br><\/strong>mpz 2020 \/ 7 min<br>Am 8. Mai, dem Tag der Befreiung vom Faschismus, versammelten sich ca. 300 Antifaschistinnen und Antifaschisten vor den Geb\u00e4uden der Stadth\u00f6fe in der Stadthausbr\u00fccke, um trotz der Corona-Einschr\u00e4nkungen ihrer Forderung Nachdruck zu verleihen, dass der 8. Mai ein arbeitsfreier Feiertag werden m\u00fcsse. <a href=\"https:\/\/vimeo.com\/417968043\">ansehen&#8230;<\/a><\/h5>\n\n\n\n<p><strong>Die vergessene Generation &#8211; Die erste Generation SpanierInnen in Hamburg<br><\/strong>Ainhoa Montoya \/ HfbK, mpz 2006 \/ 90 min.<\/p>\n\n\n\n<p><strong>Zeitspuren &#8211; KZ Neuengamme: H\u00e4ftlinge, Arbeit und Alltag, R\u00e4umung, Nachgeschichte<br><\/strong>Ausstellungsvideofilmzyklus, 118 Videofilme \/ J\u00fcrgen Kinter, KZ Gedenkst\u00e4tte Neuengamme 2005<\/p>\n\n\n\n<p><strong>KZ Neuengamme &#8211; Lebensgeschichten ehemaliger KZ-H\u00e4ftlinge<br><\/strong>Videofilmzyklus, 43 Videofilme \/ J\u00fcrgen Kinter, KZ-Gedenkst\u00e4tte Neuengamme, mit Unterst\u00fctzung des mpz 1995-2007<\/p>\n\n\n\n<p><strong>Pogrom in Rostock &#8211; Fernsehberichte satirisch<\/strong><br>mpz\/ 1993, 3,5 min., f<\/p>\n\n\n<div class=\"wp-block-image\">\n<figure class=\"alignright\"><a href=\"http:\/\/mpz-hamburg.de.w020b5ec.kasserver.com\/bestellen\/was-hat-hamburg-nur-mit-euch-frauen-gemacht\/\"><img loading=\"lazy\" decoding=\"async\" width=\"300\" height=\"188\" src=\"http:\/\/mpz-hamburg.de.w020b5ec.kasserver.com\/neu\/wp-content\/uploads\/2013\/06\/Frareingehenweich-ohne-Kopie-300x188.jpg\" alt=\"\" class=\"wp-image-1518\" srcset=\"https:\/\/mpz-hamburg.de\/neu\/wp-content\/uploads\/2013\/06\/Frareingehenweich-ohne-Kopie-300x188.jpg 300w, https:\/\/mpz-hamburg.de\/neu\/wp-content\/uploads\/2013\/06\/Frareingehenweich-ohne-Kopie.jpg 590w\" sizes=\"auto, (max-width: 300px) 100vw, 300px\" \/><\/a><\/figure><\/div>\n\n\n<p><strong>Was hat Hamburg blo\u00df mit euch Frauen gemacht? &#8211;<\/strong> Staatliche F\u00fcrsorge und ihre Folgen von der Weimarer Republik bis in die 1990iger Jahre<br>Christine Kukielka, Christiane Rothmaler, Stefan Corinth \/ Projektgruppe f\u00fcr die vergessenen Opfer des NS-Regimes in Hamburg e.V. + mpz 1992\/ 90 min.\/ f\/ <a href=\"http:\/\/mpz-hamburg.de.w020b5ec.kasserver.com\/bestellen\/was-hat-hamburg-nur-mit-euch-frauen-gemacht\/\" target=\"_blank\" rel=\"noreferrer noopener\">mehr&#8230;<\/a><\/p>\n\n\n\n<p><strong>Framing the panthers in black &amp; white<br><\/strong>deutsche Fassung mpz 1990\/ 30 min.)<\/p>\n\n\n\n<p><strong>Red Cops<\/strong><br>mpz u. Antifa Horn 1989\/ 30 min.\/ f<\/p>\n\n\n\n<p><strong>KZ Neuengamme<\/strong><br>mpz u. Museumsp\u00e4dagogischer Dienst 1982\/ 28 min.\/ s\/w<\/p>\n\n\n\n<p><strong>Wehret den Anf\u00e4ngen &#8211; Antifa-Aktionsfilm<br><\/strong>Antifainitiative mit Unterst\u00fctzung des mpz 1980\/ 35 min.\/ s\/w<\/p>\n\n\n\n<p><strong>NPD-Aktionstag in Hamburg<\/strong><br>mpz 1976\/ 20 min.\/ s\/w<\/p>\n","protected":false},"excerpt":{"rendered":"<p>Im Archivbereich &#8222;Faschismus\/Antifaschismus&#8220; befinden sich Videos zur Geschichte des Nationalsozialismus, des Faschismus in anderen L\u00e4ndern und Rechtsradikalismus, sowie des antifaschististischen Widerstandes, zu den Themen Nationalismus, Rassismus, Flucht\/Migration. Aus diesem ca. 850 Titel umfassenden Archivbereich sind nachfolgend &#8211; in chronologischer Reihenfolge &hellip; <a href=\"https:\/\/mpz-hamburg.de\/neu\/mpz-filme\/faschismus-antifaschismus\/\">Weiterlesen <span class=\"meta-nav\">&rarr;<\/span><\/a><\/p>\n","protected":false},"author":1,"featured_media":0,"parent":19,"menu_order":9,"comment_status":"closed","ping_status":"closed","template":"onecolumn-page.php","meta":{"footnotes":""},"class_list":["post-170","page","type-page","status-publish","hentry"],"_links":{"self":[{"href":"https:\/\/mpz-hamburg.de\/neu\/wp-json\/wp\/v2\/pages\/170","targetHints":{"allow":["GET"]}}],"collection":[{"href":"https:\/\/mpz-hamburg.de\/neu\/wp-json\/wp\/v2\/pages"}],"about":[{"href":"https:\/\/mpz-hamburg.de\/neu\/wp-json\/wp\/v2\/types\/page"}],"author":[{"embeddable":true,"href":"https:\/\/mpz-hamburg.de\/neu\/wp-json\/wp\/v2\/users\/1"}],"replies":[{"embeddable":true,"href":"https:\/\/mpz-hamburg.de\/neu\/wp-json\/wp\/v2\/comments?post=170"}],"version-history":[{"count":87,"href":"https:\/\/mpz-hamburg.de\/neu\/wp-json\/wp\/v2\/pages\/170\/revisions"}],"predecessor-version":[{"id":8149,"href":"https:\/\/mpz-hamburg.de\/neu\/wp-json\/wp\/v2\/pages\/170\/revisions\/8149"}],"up":[{"embeddable":true,"href":"https:\/\/mpz-hamburg.de\/neu\/wp-json\/wp\/v2\/pages\/19"}],"wp:attachment":[{"href":"https:\/\/mpz-hamburg.de\/neu\/wp-json\/wp\/v2\/media?parent=170"}],"curies":[{"name":"wp","href":"https:\/\/api.w.org\/{rel}","templated":true}]}}