{"id":2628,"date":"2015-04-07T17:57:30","date_gmt":"2015-04-07T17:57:30","guid":{"rendered":"http:\/\/mpz-hamburg.de.w020b5ec.kasserver.com\/?page_id=2628"},"modified":"2025-12-30T18:41:35","modified_gmt":"2025-12-30T17:41:35","slug":"kein-akw-in-brokdorf-und-auch-nicht-anderswo","status":"publish","type":"page","link":"https:\/\/mpz-hamburg.de\/neu\/bestellen\/kein-akw-in-brokdorf-und-auch-nicht-anderswo\/","title":{"rendered":"Kein AKW in Brokdorf &#8211; und auch nicht anderswo"},"content":{"rendered":"<p><a href=\"http:\/\/mpz-hamburg.de.w020b5ec.kasserver.com\/bestellen\/#070415KeinAkwinBrokdorf\">zur\u00fcck<\/a>\u00a0&#8211;\u00a0<a href=\"#formular\">zum Bestellformular<\/a>\u00a0&#8211;\u00a0<a href=\"http:\/\/mpz-hamburg.de.w020b5ec.kasserver.com\/neu\/wp-content\/uploads\/2011\/05\/2017-Vertriebsbedingungen.pdf\">Vertriebsbedingungen<\/a><\/p>\n<p><a href=\"http:\/\/mpz-hamburg.de.w020b5ec.kasserver.com\/neu\/wp-content\/uploads\/2015\/04\/Hier-entsteht.jpg\"><img loading=\"lazy\" decoding=\"async\" class=\"alignright size-medium wp-image-2630\" src=\"http:\/\/mpz-hamburg.de.w020b5ec.kasserver.com\/neu\/wp-content\/uploads\/2015\/04\/Hier-entsteht-300x235.jpg\" alt=\"Hier entsteht\" width=\"300\" height=\"235\" srcset=\"https:\/\/mpz-hamburg.de\/neu\/wp-content\/uploads\/2015\/04\/Hier-entsteht-300x235.jpg 300w, https:\/\/mpz-hamburg.de\/neu\/wp-content\/uploads\/2015\/04\/Hier-entsteht.jpg 702w\" sizes=\"auto, (max-width: 300px) 100vw, 300px\" \/><\/a>mpz 2004 \/ 80 Min. \/<b> <\/b>4:3 \/ s\/w + Farbe \/ \u00a9\uf87f mpz \/ Nr. 00.0751 \/ 19,90 \u20ac<\/p>\n<p>Der Videofilm ist eine\u00a0<b>Zusammenfassung aus:<br \/>\n<\/b><b>&#8211; Brokdorf &#8211; Und bist du nicht willig, so brauch ich Gewalt<br \/>\n<\/b>mpz + andere \/ 1976 \/ s\/w<br \/>\nDer urspr\u00fcngliche Videofilm wurde kurzfristig zur Unterst\u00fctzung von Anti-AKW-Initiativen hergestellt. Er dokumentiert die Ereignisse und Auseinandersetzungen um den Bau des Atomkraftwerk Brokdorf 1976. Trotz Einsch\u00fcchterung und polizeilicher Gewalt bringen mehr als\u00a030 000 AKW-GegnerInnen ihren Protest in Brokdorf zum Ausdruck.<br \/>\n<b>&#8211; Wehrt Euch -Brokdorf 19.2.1977<br \/>\n<\/b>mpz \/ 1977 \/ s\/w<br \/>\nEin weiterer H\u00f6hepunkt der Anti-AKW-Bewegung. Deutscher Herbst in Hamburg. In einer beispiellosen Kampagne versuchen Politiker und Medien die AKW-GegnerInnen, die in Brokdorf demonstrieren wollen, zu diffamieren und zu kriminalisieren. Der Videofilm dokumentiert die Auseinandersetzungen und den Verlauf der Demonstrationen am 12. Februar 1977. BewohnerInnen der Wilster Marsch \u00e4u\u00dfern sich zu den Demonstrationen in Itzehoe und Brokdorf (Schleswig-Holstein) und zu den Polizei\u00fcbergriffen.<br \/>\n<b>&#8211; Vorsicht Lebensgefahr &#8211; Alle Gewalt geht vom Staat aus<br \/>\n<\/b>mpz und andere Hamburger Medienzentren 1977 \/ Farbe<br \/>\nDer Filmteil dokumentiert die Ereignisse vom 7. und 8. Juni in Brokdorf, Kleve und Hamburg. In Kleve wird der Hamburger Konvoi auf dem Weg zur Demonstration nach Brokdorf von einer Polizeisperre gestoppt, ein Anwohner filmt den Polizeieinsatz: ausgebrannte Autos, zerschlagene Scheiben, aufgestochene Reifen.<br \/>\nZur selben Zeit in Brokdorf: wer zum AKW will, muss zu Fu\u00df zwischen Sandcontainern und durch ein Bundesgrenzschutzspalier hindurchgehen. Wenig sp\u00e4ter: CS-Gas wird\u00a0in die Menge geschossen, die Menschen fl\u00fcchten.<br \/>\nEin Tag sp\u00e4ter, 12 Uhr, Heiliggeistfeld in Hamburg. Die Polizei umzingelt mehrere Hundert DemonstrantInnen auf dem Sammelplatz, bevor diese \u00fcberhaupt demonstrieren k\u00f6nnen. \u201cHamburger Kessel\u201d. Ein ganzes Viertel wird systematisch abgesperrt.<br \/>\nAm 12. Juni 1986 demonstrieren in Hamburg ca. 50 000 Menschen gegen den \u201eHamburger Kessel\u201c.<\/p>\n<p>Die Digitalisierung wurde aus Mitteln der Stadtteilkultur des Bezirkes Altona gef\u00f6rdert.<\/p>\n<p>Alle 3 Filme sind (in einiger Zeit) auch einzeln\u00a0in voller L\u00e4nge zu bekommen.<\/p>\n<p>\n<div class=\"wpcf7 no-js\" id=\"wpcf7-f1621-o1\" lang=\"de-DE\" dir=\"ltr\" data-wpcf7-id=\"1621\">\n<div class=\"screen-reader-response\"><p role=\"status\" aria-live=\"polite\" aria-atomic=\"true\"><\/p> <ul><\/ul><\/div>\n<form action=\"\/neu\/wp-json\/wp\/v2\/pages\/2628#wpcf7-f1621-o1\" method=\"post\" class=\"wpcf7-form init\" aria-label=\"Kontaktformular\" novalidate=\"novalidate\" data-status=\"init\">\n<fieldset class=\"hidden-fields-container\"><input type=\"hidden\" name=\"_wpcf7\" value=\"1621\" \/><input type=\"hidden\" name=\"_wpcf7_version\" value=\"6.1.5\" \/><input type=\"hidden\" name=\"_wpcf7_locale\" value=\"de_DE\" \/><input type=\"hidden\" name=\"_wpcf7_unit_tag\" value=\"wpcf7-f1621-o1\" \/><input type=\"hidden\" name=\"_wpcf7_container_post\" value=\"0\" \/><input type=\"hidden\" name=\"_wpcf7_posted_data_hash\" value=\"\" \/><input type=\"hidden\" name=\"_wpcf7dtx_version\" value=\"5.0.5\" \/>\n<\/fieldset>\n<p><span id='formular'><strong>Bestellformuar<\/strong><\/span>\n<\/p>\n<div style='margin-top:-15px; margin-bottom:-10px; text-align:right;'>\n\t<p><a href=\"#wrapper\">Zum Seitenanfang<\/a>\n\t<\/p>\n<\/div>\n<div style='margin-bottom:-10px;'>\n\t<p>Ihr Name (Pflichtfeld)\n\t<\/p>\n\t<p><span class=\"wpcf7-form-control-wrap\" data-name=\"your-name\"><input size=\"40\" maxlength=\"400\" class=\"wpcf7-form-control wpcf7-text wpcf7-validates-as-required\" aria-required=\"true\" aria-invalid=\"false\" value=\"\" type=\"text\" name=\"your-name\" \/><\/span>\n\t<\/p>\n<\/div>\n<div style='margin-bottom:-10px'>\n\t<p>Ihre E-Mail-Adresse (Pflichtfeld)\n\t<\/p>\n\t<p><span class=\"wpcf7-form-control-wrap\" data-name=\"your-email\"><input size=\"40\" maxlength=\"400\" class=\"wpcf7-form-control wpcf7-email wpcf7-validates-as-required wpcf7-text wpcf7-validates-as-email\" aria-required=\"true\" aria-invalid=\"false\" value=\"\" type=\"email\" name=\"your-email\" \/><\/span>\n\t<\/p>\n<\/div>\n<div style='margin-bottom:-10px'>\n\t<p>Stra\u00dfe \/ Hausnummer (Pflichtfeld)\n\t<\/p>\n\t<p><span class=\"wpcf7-form-control-wrap\" data-name=\"strasse\"><input size=\"40\" maxlength=\"400\" class=\"wpcf7-form-control wpcf7-text wpcf7-validates-as-required\" aria-required=\"true\" aria-invalid=\"false\" value=\"\" type=\"text\" name=\"strasse\" \/><\/span>\n\t<\/p>\n<\/div>\n<div style='margin-bottom:-10px'>\n\t<p>PLZ \/ Ort (Pflichtfeld)\n\t<\/p>\n\t<p><span class=\"wpcf7-form-control-wrap\" data-name=\"ort\"><input size=\"40\" maxlength=\"400\" class=\"wpcf7-form-control wpcf7-text wpcf7-validates-as-required\" aria-required=\"true\" aria-invalid=\"false\" value=\"\" type=\"text\" name=\"ort\" \/><\/span>\n\t<\/p>\n<\/div>\n<div style='margin-bottom:-10px'>\n\t<p>Betreff\n\t<\/p>\n\t<p><span id=\"wpcf7-69e5db8d6734b-wrapper\" class=\"wpcf7-form-control-wrap subject-wrap\" style=\"display:none !important; visibility:hidden !important;\"><input type=\"hidden\" name=\"subject-time-start\" value=\"1776671629\"><input type=\"hidden\" name=\"subject-time-check\" value=\"4\"><label for=\"wpcf7-69e5db8d6734b-field\" class=\"hp-message\">Bitte lasse dieses Feld leer.<\/label><input id=\"wpcf7-69e5db8d6734b-field\"  class=\"wpcf7-form-control wpcf7-text\" type=\"text\" name=\"subject\" value=\"\" size=\"40\" tabindex=\"-1\" autocomplete=\"new-password\" \/><\/span>\n\t<\/p>\n<\/div>\n<div style='margin-bottom:-10px'>\n\t<p>Diesen Film m\u00f6chte ich bestellen:\n\t<\/p>\n\t<p><span class=\"wpcf7-form-control-wrap Titel2\" data-name=\"Titel2\"><input type=\"text\" name=\"Titel2\" class=\"wpcf7-form-control wpcf7-text wpcf7dtx wpcf7dtx-text\" aria-invalid=\"false\" value=\"Kein AKW in Brokdorf - und auch nicht anderswo\"><\/span>\n\t<\/p>\n<\/div>\n<div style='margin-bottom:10px'>\n\t<p>Bemerkung\n\t<\/p>\n\t<p><span class=\"wpcf7-form-control-wrap\" data-name=\"your-message\"><textarea cols=\"80\" rows=\"4\" maxlength=\"2000\" class=\"wpcf7-form-control wpcf7-textarea\" aria-invalid=\"false\" name=\"your-message\"><\/textarea><\/span>\n\t<\/p>\n<\/div>\n<div>\n\t<div style='margin-bottom:-14px; color:red;'>\n\t\t<p><span class=\"wpcf7-form-control-wrap\" data-name=\"acceptance-934\"><span class=\"wpcf7-form-control wpcf7-acceptance\"><span class=\"wpcf7-list-item\"><input type=\"checkbox\" name=\"acceptance-934\" value=\"1\" aria-invalid=\"false\" \/><\/span><\/span><\/span><a href=\"http:\/\/mpz-hamburg.de.w020b5ec.kasserver.com\/neu\/wp-content\/uploads\/2011\/05\/Vertriebsbedingungen.pdf\">Vertriebsbedingungen<\/a> akzeptieren.\n\t\t<\/p>\n\t<\/div>\n\t<p><em><span style='font-weight:bold;'>(NUR dann kann das Formular versendet werden!)<\/span><\/em>\n\t<\/p>\n<\/div>\n<div style='margin-top:0px;'>\n\t<p><input class=\"wpcf7-form-control wpcf7-submit has-spinner\" type=\"submit\" value=\"Senden\" \/>\n\t<\/p>\n<\/div><div class=\"wpcf7-response-output\" aria-hidden=\"true\"><\/div>\n<\/form>\n<\/div>\n<br \/>\nSollte die Bestellung \u00fcber dies Formular nicht funktioniert haben, bitte per Mail bestellen:<a href=\"mailto:info@mpz-hamburg.de\">\u00a0info@mpz-hamburg.de<\/a>. Es tut uns Leid, aber es kommt leider manchmal vor. Wir versuchen den Fehler zu finden.<\/p>\n<p><a href=\"http:\/\/mpz-hamburg.de.w020b5ec.kasserver.com\/bestellen\/#070415KeinAkwinBrokdorf\">zur\u00fcck zur Seite &#8218;bestellen&#8216;<\/a>\u00a0&#8211;\u00a0<a href=\"#wrapper\">Zum Seitenanfang<\/a><\/p>\n<div><\/div>\n","protected":false},"excerpt":{"rendered":"<p>zur\u00fcck\u00a0&#8211;\u00a0zum Bestellformular\u00a0&#8211;\u00a0Vertriebsbedingungen mpz 2004 \/ 80 Min. \/ 4:3 \/ s\/w + Farbe \/ \u00a9\uf87f mpz \/ Nr. 00.0751 \/ 19,90 \u20ac Der Videofilm ist eine\u00a0Zusammenfassung aus: &#8211; Brokdorf &#8211; Und bist du nicht willig, so brauch ich Gewalt mpz &hellip; <a href=\"https:\/\/mpz-hamburg.de\/neu\/bestellen\/kein-akw-in-brokdorf-und-auch-nicht-anderswo\/\">Weiterlesen <span class=\"meta-nav\">&rarr;<\/span><\/a><\/p>\n","protected":false},"author":1,"featured_media":0,"parent":706,"menu_order":0,"comment_status":"closed","ping_status":"closed","template":"onecolumn-page.php","meta":{"footnotes":""},"class_list":["post-2628","page","type-page","status-publish","hentry"],"_links":{"self":[{"href":"https:\/\/mpz-hamburg.de\/neu\/wp-json\/wp\/v2\/pages\/2628","targetHints":{"allow":["GET"]}}],"collection":[{"href":"https:\/\/mpz-hamburg.de\/neu\/wp-json\/wp\/v2\/pages"}],"about":[{"href":"https:\/\/mpz-hamburg.de\/neu\/wp-json\/wp\/v2\/types\/page"}],"author":[{"embeddable":true,"href":"https:\/\/mpz-hamburg.de\/neu\/wp-json\/wp\/v2\/users\/1"}],"replies":[{"embeddable":true,"href":"https:\/\/mpz-hamburg.de\/neu\/wp-json\/wp\/v2\/comments?post=2628"}],"version-history":[{"count":12,"href":"https:\/\/mpz-hamburg.de\/neu\/wp-json\/wp\/v2\/pages\/2628\/revisions"}],"predecessor-version":[{"id":8039,"href":"https:\/\/mpz-hamburg.de\/neu\/wp-json\/wp\/v2\/pages\/2628\/revisions\/8039"}],"up":[{"embeddable":true,"href":"https:\/\/mpz-hamburg.de\/neu\/wp-json\/wp\/v2\/pages\/706"}],"wp:attachment":[{"href":"https:\/\/mpz-hamburg.de\/neu\/wp-json\/wp\/v2\/media?parent=2628"}],"curies":[{"name":"wp","href":"https:\/\/api.w.org\/{rel}","templated":true}]}}