{"id":3477,"date":"2017-09-03T13:07:48","date_gmt":"2017-09-03T13:07:48","guid":{"rendered":"http:\/\/mpz-hamburg.de.w020b5ec.kasserver.com\/?page_id=3477"},"modified":"2017-09-03T13:36:24","modified_gmt":"2017-09-03T13:36:24","slug":"ekhofstrasse-eine-mieterinitiative-kaempft-um-ihr-viertel","status":"publish","type":"page","link":"https:\/\/mpz-hamburg.de\/neu\/bestellen\/ekhofstrasse-eine-mieterinitiative-kaempft-um-ihr-viertel\/","title":{"rendered":"Ekhofstra\u00dfe &#8211; Eine Mieterinitiative k\u00e4mpft um ihr Viertel"},"content":{"rendered":"<p><a href=\"http:\/\/mpz-hamburg.de.w020b5ec.kasserver.com\/bestellen\/#2092017Ekhofstra\u00dfe\">zur\u00fcck<\/a><a href=\"http:\/\/mpz-hamburg.de.w020b5ec.kasserver.com\/neu\/wp-content\/uploads\/2011\/05\/2017-Vertriebsbedingungen.pdf\"> &#8211; <\/a><a href=\"#formular\">zum Bestellformular<\/a><a href=\"http:\/\/mpz-hamburg.de.w020b5ec.kasserver.com\/neu\/wp-content\/uploads\/2011\/05\/2017-Vertriebsbedingungen.pdf\"> &#8211; <\/a><a href=\"http:\/\/mpz-hamburg.de.w020b5ec.kasserver.com\/neu\/wp-content\/uploads\/2011\/05\/2017-Vertriebsbedingungen.pdf\">Vertriebsbedingungen<\/a><\/p>\n<p><a href=\"http:\/\/mpz-hamburg.de.w020b5ec.kasserver.com\/neu\/wp-content\/uploads\/2017\/09\/Ekhofstra\u00dfe.jpg\"><img loading=\"lazy\" decoding=\"async\" class=\"alignright size-medium wp-image-3482\" src=\"http:\/\/mpz-hamburg.de.w020b5ec.kasserver.com\/neu\/wp-content\/uploads\/2017\/09\/Ekhofstra\u00dfe-300x221.jpg\" alt=\"\" width=\"300\" height=\"221\" srcset=\"https:\/\/mpz-hamburg.de\/neu\/wp-content\/uploads\/2017\/09\/Ekhofstra\u00dfe-300x221.jpg 300w, https:\/\/mpz-hamburg.de\/neu\/wp-content\/uploads\/2017\/09\/Ekhofstra\u00dfe-768x567.jpg 768w, https:\/\/mpz-hamburg.de\/neu\/wp-content\/uploads\/2017\/09\/Ekhofstra\u00dfe-1024x756.jpg 1024w, https:\/\/mpz-hamburg.de\/neu\/wp-content\/uploads\/2017\/09\/Ekhofstra\u00dfe.jpg 1062w\" sizes=\"auto, (max-width: 300px) 100vw, 300px\" \/><\/a>Kollektiv Hamburg 1973\/74 \/ 53 min \/ schwarz-Wei\u00df \/ 4:3 \/ Nr. 06-0160 \/ 16 \u20ac<\/p>\n<p>Eine der ersten Hausbesetzungen in Hamburg: Im Fr\u00fchjahr 1973 besetzten ca\u00a050 Menschen f\u00fcr vier Wochen die Ekhofstra\u00dfe 39 in Hamburg-Hohenfelde.<\/p>\n<p>Die Bewo-Bau, eine Tochterfirma der Wohnungsbaugesellschaft &#8222;Neue Heimat&#8220; (Gewerkschaftseigentum) wollte das eher proletarisch gepr\u00e4gte, an der Alster gelegene Viertel Hohenfelde durch eine profitable Hochhausbebauung ersetzen. Die bisherigen Mieter wurden unter Druck gesetzt, vertrieben. Die leerstehenden Wohnungen wurden zun\u00e4chst an Studenten und junge Leute befristet vermietet, sp\u00e4ter sofort von innen zerst\u00f6rt um die restlichen Mieter einzusch\u00fcchtern und ihre Lage als aussichtslos erscheinen zu lassen.<\/p>\n<p>Die Mieterinitiative, die von vielen Bewohnern getragen wurde, setzte zun\u00e4chst auf Eingaben und Verhandlungen. Musste dann aber feststellen, dass sie nur hingehalten wurde.<br \/>\nDie Besetzung, stark von der radikalen Linken in Hamburg getragen, r\u00fcckte die Wohnraumspekulation \u00fcber den Stadtteil und Hamburg hinaus in das Licht der \u00d6ffentlichkeit.<\/p>\n<p>Die Mieterinitiative hat in diesem Film selbst ihre Arbeit, die Besetzung, die brutale R\u00e4umung und die Reaktion der Bev\u00f6lkerung dokumentiert und sie reflektiert die eigene Arbeit und die Erfahrungen mit der Gegenwehr.<\/p>\n\n<div class=\"wpcf7 no-js\" id=\"wpcf7-f1621-o1\" lang=\"de-DE\" dir=\"ltr\" data-wpcf7-id=\"1621\">\n<div class=\"screen-reader-response\"><p role=\"status\" aria-live=\"polite\" aria-atomic=\"true\"><\/p> <ul><\/ul><\/div>\n<form action=\"\/neu\/wp-json\/wp\/v2\/pages\/3477#wpcf7-f1621-o1\" method=\"post\" class=\"wpcf7-form init\" aria-label=\"Kontaktformular\" novalidate=\"novalidate\" data-status=\"init\">\n<fieldset class=\"hidden-fields-container\"><input type=\"hidden\" name=\"_wpcf7\" value=\"1621\" \/><input type=\"hidden\" name=\"_wpcf7_version\" value=\"6.1.5\" \/><input type=\"hidden\" name=\"_wpcf7_locale\" value=\"de_DE\" \/><input type=\"hidden\" name=\"_wpcf7_unit_tag\" value=\"wpcf7-f1621-o1\" \/><input type=\"hidden\" name=\"_wpcf7_container_post\" value=\"0\" \/><input type=\"hidden\" name=\"_wpcf7_posted_data_hash\" value=\"\" \/><input type=\"hidden\" name=\"_wpcf7dtx_version\" value=\"5.0.5\" \/>\n<\/fieldset>\n<p><span id='formular'><strong>Bestellformuar<\/strong><\/span>\n<\/p>\n<div style='margin-top:-15px; margin-bottom:-10px; text-align:right;'>\n\t<p><a href=\"#wrapper\">Zum Seitenanfang<\/a>\n\t<\/p>\n<\/div>\n<div style='margin-bottom:-10px;'>\n\t<p>Ihr Name (Pflichtfeld)\n\t<\/p>\n\t<p><span class=\"wpcf7-form-control-wrap\" data-name=\"your-name\"><input size=\"40\" maxlength=\"400\" class=\"wpcf7-form-control wpcf7-text wpcf7-validates-as-required\" aria-required=\"true\" aria-invalid=\"false\" value=\"\" type=\"text\" name=\"your-name\" \/><\/span>\n\t<\/p>\n<\/div>\n<div style='margin-bottom:-10px'>\n\t<p>Ihre E-Mail-Adresse (Pflichtfeld)\n\t<\/p>\n\t<p><span class=\"wpcf7-form-control-wrap\" data-name=\"your-email\"><input size=\"40\" maxlength=\"400\" class=\"wpcf7-form-control wpcf7-email wpcf7-validates-as-required wpcf7-text wpcf7-validates-as-email\" aria-required=\"true\" aria-invalid=\"false\" value=\"\" type=\"email\" name=\"your-email\" \/><\/span>\n\t<\/p>\n<\/div>\n<div style='margin-bottom:-10px'>\n\t<p>Stra\u00dfe \/ Hausnummer (Pflichtfeld)\n\t<\/p>\n\t<p><span class=\"wpcf7-form-control-wrap\" data-name=\"strasse\"><input size=\"40\" maxlength=\"400\" class=\"wpcf7-form-control wpcf7-text wpcf7-validates-as-required\" aria-required=\"true\" aria-invalid=\"false\" value=\"\" type=\"text\" name=\"strasse\" \/><\/span>\n\t<\/p>\n<\/div>\n<div style='margin-bottom:-10px'>\n\t<p>PLZ \/ Ort (Pflichtfeld)\n\t<\/p>\n\t<p><span class=\"wpcf7-form-control-wrap\" data-name=\"ort\"><input size=\"40\" maxlength=\"400\" class=\"wpcf7-form-control wpcf7-text wpcf7-validates-as-required\" aria-required=\"true\" aria-invalid=\"false\" value=\"\" type=\"text\" name=\"ort\" \/><\/span>\n\t<\/p>\n<\/div>\n<div style='margin-bottom:-10px'>\n\t<p>Betreff\n\t<\/p>\n\t<p><span id=\"wpcf7-6a034f1c56285-wrapper\" class=\"wpcf7-form-control-wrap subject-wrap\" style=\"display:none !important; visibility:hidden !important;\"><input type=\"hidden\" name=\"subject-time-start\" value=\"1778601756\"><input type=\"hidden\" name=\"subject-time-check\" value=\"4\"><label for=\"wpcf7-6a034f1c56285-field\" class=\"hp-message\">Bitte lasse dieses Feld leer.<\/label><input id=\"wpcf7-6a034f1c56285-field\"  class=\"wpcf7-form-control wpcf7-text\" type=\"text\" name=\"subject\" value=\"\" size=\"40\" tabindex=\"-1\" autocomplete=\"new-password\" \/><\/span>\n\t<\/p>\n<\/div>\n<div style='margin-bottom:-10px'>\n\t<p>Diesen Film m\u00f6chte ich bestellen:\n\t<\/p>\n\t<p><span class=\"wpcf7-form-control-wrap Titel2\" data-name=\"Titel2\"><input type=\"text\" name=\"Titel2\" class=\"wpcf7-form-control wpcf7-text wpcf7dtx wpcf7dtx-text\" aria-invalid=\"false\" value=\"Ekhofstra\u00dfe - Eine Mieterinitiative k\u00e4mpft um ihr Viertel\"><\/span>\n\t<\/p>\n<\/div>\n<div style='margin-bottom:10px'>\n\t<p>Bemerkung\n\t<\/p>\n\t<p><span class=\"wpcf7-form-control-wrap\" data-name=\"your-message\"><textarea cols=\"80\" rows=\"4\" maxlength=\"2000\" class=\"wpcf7-form-control wpcf7-textarea\" aria-invalid=\"false\" name=\"your-message\"><\/textarea><\/span>\n\t<\/p>\n<\/div>\n<div>\n\t<div style='margin-bottom:-14px; color:red;'>\n\t\t<p><span class=\"wpcf7-form-control-wrap\" data-name=\"acceptance-934\"><span class=\"wpcf7-form-control wpcf7-acceptance\"><span class=\"wpcf7-list-item\"><input type=\"checkbox\" name=\"acceptance-934\" value=\"1\" aria-invalid=\"false\" \/><\/span><\/span><\/span><a href=\"http:\/\/mpz-hamburg.de.w020b5ec.kasserver.com\/neu\/wp-content\/uploads\/2011\/05\/Vertriebsbedingungen.pdf\">Vertriebsbedingungen<\/a> akzeptieren.\n\t\t<\/p>\n\t<\/div>\n\t<p><em><span style='font-weight:bold;'>(NUR dann kann das Formular versendet werden!)<\/span><\/em>\n\t<\/p>\n<\/div>\n<div style='margin-top:0px;'>\n\t<p><input class=\"wpcf7-form-control wpcf7-submit has-spinner\" type=\"submit\" value=\"Senden\" \/>\n\t<\/p>\n<\/div><div class=\"wpcf7-response-output\" aria-hidden=\"true\"><\/div>\n<\/form>\n<\/div>\n\n<p>Sollte die Bestellung \u00fcber dies Formular nicht funktioniert haben, bitte per Mail bestellen: <a href=\"mailto:info@mpz-hamburg.de\">info@mpz-hamburg.de.<\/a> Es tut uns Leid, aber es kommt leider manchmal vor. Wir versuchen den Fehler zu finden.<\/p>\n<p style=\"text-align: right; margin-top: -25px;\"><a href=\"http:\/\/mpz-hamburg.de.w020b5ec.kasserver.com\/bestellen\/#2092017Ekhofstra\u00dfe\">zur\u00fcck zur Seite &#8218;bestellen&#8216;<\/a> &#8211; <a href=\"#wrapper\">Zum Seitenanfang<\/a><\/p>\n<p style=\"margin-top: -25px; text-align: left;\">\n","protected":false},"excerpt":{"rendered":"<p>zur\u00fcck &#8211; zum Bestellformular &#8211; Vertriebsbedingungen Kollektiv Hamburg 1973\/74 \/ 53 min \/ schwarz-Wei\u00df \/ 4:3 \/ Nr. 06-0160 \/ 16 \u20ac Eine der ersten Hausbesetzungen in Hamburg: Im Fr\u00fchjahr 1973 besetzten ca\u00a050 Menschen f\u00fcr vier Wochen die Ekhofstra\u00dfe 39 &hellip; <a href=\"https:\/\/mpz-hamburg.de\/neu\/bestellen\/ekhofstrasse-eine-mieterinitiative-kaempft-um-ihr-viertel\/\">Weiterlesen <span class=\"meta-nav\">&rarr;<\/span><\/a><\/p>\n","protected":false},"author":1,"featured_media":0,"parent":706,"menu_order":0,"comment_status":"closed","ping_status":"closed","template":"","meta":{"footnotes":""},"class_list":["post-3477","page","type-page","status-publish","hentry"],"_links":{"self":[{"href":"https:\/\/mpz-hamburg.de\/neu\/wp-json\/wp\/v2\/pages\/3477","targetHints":{"allow":["GET"]}}],"collection":[{"href":"https:\/\/mpz-hamburg.de\/neu\/wp-json\/wp\/v2\/pages"}],"about":[{"href":"https:\/\/mpz-hamburg.de\/neu\/wp-json\/wp\/v2\/types\/page"}],"author":[{"embeddable":true,"href":"https:\/\/mpz-hamburg.de\/neu\/wp-json\/wp\/v2\/users\/1"}],"replies":[{"embeddable":true,"href":"https:\/\/mpz-hamburg.de\/neu\/wp-json\/wp\/v2\/comments?post=3477"}],"version-history":[{"count":5,"href":"https:\/\/mpz-hamburg.de\/neu\/wp-json\/wp\/v2\/pages\/3477\/revisions"}],"predecessor-version":[{"id":3488,"href":"https:\/\/mpz-hamburg.de\/neu\/wp-json\/wp\/v2\/pages\/3477\/revisions\/3488"}],"up":[{"embeddable":true,"href":"https:\/\/mpz-hamburg.de\/neu\/wp-json\/wp\/v2\/pages\/706"}],"wp:attachment":[{"href":"https:\/\/mpz-hamburg.de\/neu\/wp-json\/wp\/v2\/media?parent=3477"}],"curies":[{"name":"wp","href":"https:\/\/api.w.org\/{rel}","templated":true}]}}