{"id":372,"date":"2011-02-16T07:37:37","date_gmt":"2011-02-16T07:37:37","guid":{"rendered":"http:\/\/mpz-hamburg.de.w020b5ec.kasserver.com\/neu\/?page_id=372"},"modified":"2020-04-14T23:15:28","modified_gmt":"2020-04-14T21:15:28","slug":"spenden","status":"publish","type":"page","link":"https:\/\/mpz-hamburg.de\/neu\/eine-seite\/spenden\/","title":{"rendered":"spenden"},"content":{"rendered":"<p>Da wir keine Veranstaltung\u00a0oder die Unterst\u00fctzung von Menschen, die das Zentrum nutzen am Geld scheitern lassen wollen, sind die Einnahmen oft gering. Oft wird bei Veranstaltungen und Projekten, die mit unseren Filmen und Materialien stattfinden, um Spenden geworben oder gesammelt, aber die Betr\u00e4ge sind in der Regel bescheiden und decken selten die entstandenen Unkosten. Daher sind Spenden neben regelm\u00e4ssigen F\u00f6rderbeitr\u00e4gen f\u00fcr uns eine entscheidende Grundlage, die unabh\u00e4ngige Zentrumsarbeit durch eine kontinuierliche Basisfinanzierung zu erhalten.<\/p>\n<p>Durch unsere Organisationsform als gemeinn\u00fctziger Verein sind Spenden und F\u00f6rderbeitr\u00e4ge an uns steuerlich absetzbar.<\/p>\n<p><strong>Welche M\u00f6glichkeiten gibt es, das mpz zu unterst\u00fctzen?:<br \/>\n<\/strong><\/p>\n<p><strong>F\u00f6rderschaft:<\/strong> Durch eine F\u00f6rderschaft spenden Sie dem mpz regelm\u00e4\u00dfig einen durch Sie selbst bestimmten Betrag. Dies kann monatlich, viertelj\u00e4hrlich oder in einem anderen von Ihnen gew\u00e4hlten Turnus sein. Sie k\u00f6nnen uns eine <a href=\"http:\/\/mpz-hamburg.de.w020b5ec.kasserver.com\/neu\/wp-content\/uploads\/2011\/02\/Einzugserm\u00e4chtWEB.pdf\">Einzugserm\u00e4chtigung<\/a>\u00a0\u00a0schicken oder nat\u00fcrlich auch auf eine andere Art \u00fcberweisen.<br \/>\nIhre Vorteile als F\u00f6rderer\/F\u00f6rderin:<br \/>\n&#8211; Einmal pro Jahr laden wir die F\u00f6rder*innen zu einem F\u00f6rder-Treffen ein und berichten (bei Kaffee, Tee und Kuchen) \u00fcber die mpz-Aktivit\u00e4ten, die mpz-salons, die Verwendung der Spendenmittel und diskutieren unsere Projekte.<br \/>\n&#8211; F\u00f6rderInnen erhalten am Jahresende automatisch eine steuerlich absetzbare Spendenbescheinigung.<br \/>\n&#8211; F\u00f6rderInnen von mindestens 9,50 \u20ac monatlich erhalten die M\u00f6glichkeit, das Archiv zu nutzen und Videofilme f\u00fcr den privaten Gebrauch kostenlos auszuleihen.<\/p>\n<p><strong>Einzelspende: <\/strong>Dar\u00fcber hinaus freuen wir uns auch \u00fcber jede Einzelspende. Entweder direkt an unsere unten stehende Bankverbindung, oder nutzen Sie dazu unser <a href=\"http:\/\/mpz-hamburg.de.w020b5ec.kasserver.com\/neu\/wp-content\/uploads\/2011\/02\/Spendenformular-pdf.pdf\">Spendenformular<\/a>. Auch \u00fcber Ihre Einzelspende erhalten Sie eine Spendenbescheinigung.<\/p>\n<p>Unsere Bankverbindungen:<br \/>\nGLS Bank Hamburg<br \/>\nIBAN DE15 4306 0967 2068 5756 00<br \/>\nBIC GENODEM1GLS<\/p>\n<p>IBAN DE95 2001 0020 0004 3732 08 \u00b7 BIC PBNKDEFF<br \/>\nBank: Postbank Hamburg<br \/>\nBLZ: 200 100 20\u00a0Konto: mpz hamburg e.V.\u00a0Kontonummer: 43 73 208<\/p>\n<p><strong>Was geschieht mit den Spenden?<br \/>\n<\/strong>Neben der Miete f\u00fcr die R\u00e4umlichkeiten des Zentrums und den laufenden Ausgaben f\u00fcr den Unterhalt, steht das mpz-Archiv, in dem seit 1973 Filme aus allen Bereichen der sozialen Bewegungen archiviert werden, im Mittelpunkt der Aufwendungen. Ein weiterer Teil der Mittel wird f\u00fcr die von uns regelm\u00e4ssig organisierten <a title=\"veranstaltungen\" href=\"http:\/\/mpz-hamburg.de.w020b5ec.kasserver.com\/?page_id=61\">Veranstaltungen<\/a> (z. B. mpz-Salon) aufgewendet. Auch die Produktion von Videofilmen, die Ausgabe von Filmlisten und Materialien sowie der Unterhalt dieser Webseite werden durch F\u00f6rder- wie Spendeneinnahmen realisiert.<\/p>\n<p>Mehr Informationen zu Selbstverst\u00e4ndnis, Arbeitsweise und F\u00f6rderm\u00f6glichkeiten des mpz &#8211; kurz zusammengefasst auf unserem\u00a0<a href=\"http:\/\/mpz-hamburg.de.w020b5ec.kasserver.com\/neu\/wp-content\/uploads\/2010\/12\/2017-04dasmpzweb.pdf\">Faltblatt<\/a>.<\/p>\n<p><strong>Datenschutz<\/strong><br \/>\nWir gehen vertrauensvoll mit den Daten unserer F\u00f6rderInnen und SpenderInnen um. Sie sind ausschlie\u00dflich auf unserem eigenen Rechner gespeichert. Wir verwenden diese nur zu dem angegebenen Zweck und geben diese nicht an Dritte weiter.<\/p>\n","protected":false},"excerpt":{"rendered":"<p>Da wir keine Veranstaltung\u00a0oder die Unterst\u00fctzung von Menschen, die das Zentrum nutzen am Geld scheitern lassen wollen, sind die Einnahmen oft gering. Oft wird bei Veranstaltungen und Projekten, die mit unseren Filmen und Materialien stattfinden, um Spenden geworben oder gesammelt, &hellip; <a href=\"https:\/\/mpz-hamburg.de\/neu\/eine-seite\/spenden\/\">Weiterlesen <span class=\"meta-nav\">&rarr;<\/span><\/a><\/p>\n","protected":false},"author":1,"featured_media":0,"parent":2,"menu_order":5,"comment_status":"closed","ping_status":"closed","template":"onecolumn-page.php","meta":{"footnotes":""},"class_list":["post-372","page","type-page","status-publish","hentry"],"_links":{"self":[{"href":"https:\/\/mpz-hamburg.de\/neu\/wp-json\/wp\/v2\/pages\/372","targetHints":{"allow":["GET"]}}],"collection":[{"href":"https:\/\/mpz-hamburg.de\/neu\/wp-json\/wp\/v2\/pages"}],"about":[{"href":"https:\/\/mpz-hamburg.de\/neu\/wp-json\/wp\/v2\/types\/page"}],"author":[{"embeddable":true,"href":"https:\/\/mpz-hamburg.de\/neu\/wp-json\/wp\/v2\/users\/1"}],"replies":[{"embeddable":true,"href":"https:\/\/mpz-hamburg.de\/neu\/wp-json\/wp\/v2\/comments?post=372"}],"version-history":[{"count":65,"href":"https:\/\/mpz-hamburg.de\/neu\/wp-json\/wp\/v2\/pages\/372\/revisions"}],"predecessor-version":[{"id":4560,"href":"https:\/\/mpz-hamburg.de\/neu\/wp-json\/wp\/v2\/pages\/372\/revisions\/4560"}],"up":[{"embeddable":true,"href":"https:\/\/mpz-hamburg.de\/neu\/wp-json\/wp\/v2\/pages\/2"}],"wp:attachment":[{"href":"https:\/\/mpz-hamburg.de\/neu\/wp-json\/wp\/v2\/media?parent=372"}],"curies":[{"name":"wp","href":"https:\/\/api.w.org\/{rel}","templated":true}]}}